True
Suppose 0 = -3*x - 32867 + 2555. Let j = x - -16442. Suppose -2*i = -2*k + 5728, -5116 = -4*k + 2*i + j. Is k a composite number?
True
Let y(s) = 4*s**2 + 2*s + 15. Let f = 30 - 39. Let m be y(f). Let r = m - 136. Is r a composite number?
True
Let s be (3*(-56)/36)/(5/(-570)). Let d = s - -97. Is d prime?
False
Suppose -7*z = -0 + 7. Let g(u) = -1186*u - 9. Is g(z) composite?
True
Suppose 0 = -h + 2*a + 92, -5*h + 571 - 144 = a. Let t(n) = h*n**3 + 7*n + n**2 + 0 - 87*n**3 + 3*n**2 + 3. Is t(4) a composite number?
False
Let q(o) = 54682*o + 1565. Is q(9) a composite number?
True
Let g(j) = 5*j**2 - 37*j + 20. Let c be g(16). Suppose -3*b + v = c + 2709, 4*b + 4561 = 3*v. Is (50/30)/((-4)/6)*b prime?
False
Let x(f) = 43*f**3 + 10*f - 61. Let c be x(4). Let u = 10003 + c. Is u prime?
False
Suppose 3*j - 14630 = -n, -2*j - 9*n + 7*n + 9752 = 0. Let x = 8866 - j. Is x a composite number?
False
Suppose 0 = -3*q - m + 7, -7 = -5*q - 5*m + 8. Is ((-148383)/18 - q)*(-2)/3 prime?
False
Let q = -451 + 459. Suppose -4407 - 12017 = -q*a. Is a composite?
False
Suppose 3*q - q + 5*d - 22 = 0, -2*q - d + 22 = 0. Let f(o) = -43*o - q*o + 11 - 16*o. Is f(-4) prime?
False
Let t(m) = 19*m - 35. Let b be t(2). Suppose 2*j - 919 = -b*w, -3*j - w = -3*w - 1411. Is j a prime number?
True
Let b(s) = s**3 - 9*s**2 - 4*s + 9. Let w be b(8). Let y = 89 + w. Is (y*2/8)/(1/74) a composite number?
False
Let n(z) = 186517*z - 117. Is n(2) a composite number?
False
Suppose 403017 + 1354627 = 3*k + 493057. Is k prime?
False
Suppose 4*t + 70728 + 7216 = 3*g, -3*g - 3*t + 77916 = 0. Suppose -10*u + 2*u = -g. Is u a prime number?
False
Suppose -2*w = 3*w - 25. Suppose 0 = -h + 3*h - 3*l - 67782, 4*h - 135560 = w*l. Is (2/3)/((-9)/(h/(-10))) a prime number?
True
Suppose -6*b + 219131 = -62593. Let f = -24683 + b. Is f a composite number?
False
Suppose 4*y + 3097413 = 3*j, 66*j - 67*j - 3*y = -1032432. Is j a composite number?
True
Suppose 816853 = 56*j + 30*j - 113409. Is j composite?
True
Let j = -64929 + 285052. Is j a prime number?
True
Let u(s) = -64*s + 21. Let t(y) = 127*y - 44. Let d(k) = 2*t(k) + 5*u(k). Let w = 1 + -8. Is d(w) prime?
True
Let w(j) = j**3 + j**2 - 4*j - 2. Let b be w(0). Let r be b/(10/15) - -5. Suppose -5*f - 3314 = -r*v, 3*v = -f + 4953 + 18. Is v a prime number?
True
Suppose h = -7*h - 48. Let y(s) = 9*s**2 + 14*s + 59. Is y(h) a composite number?
True
Let u(f) = -121*f**2 + 91*f - 16. Suppose -44 = 17*n - 13*n. Let y(h) = -24*h**2 + 18*h - 3. Let g(p) = n*y(p) + 2*u(p). Is g(-5) prime?
True
Suppose -11 - 9 = -4*l. Let x(v) = -4*v + 25. Let o be x(l). Suppose -3*f = o*p - 1463, 10*p - 5*p + 2385 = 5*f. Is f composite?
True
Let v = 21 + 12. Let c = v + 77. Suppose -7*g + c = -2*g. Is g prime?
False
Suppose 0*b = -16*b + 1091536. Suppose -4*y = -6747 - b. Is y a prime number?
False
Suppose x = -5*q + 75, -x + 225 = 2*x - q. Let b = 88 - x. Suppose -1892 = 9*n - b*n. Is n a prime number?
False
Suppose -2*l - 4*d = -579662, -122523 = -l - 3*d + 167315. Is l a composite number?
True
Suppose 14 = -5*r + 39. Suppose -2*i + 26 = -5*n, i - 3*n = 5*i. Suppose -r*x = 4*b - 10793, 3*x + i*b - b = 6477. Is x composite?
False
Is ((-102259929)/(-24) - -3) + (-55)/40 + 1 composite?
False
Suppose 42*q - 450213 - 11364261 = 0. Is q prime?
True
Let f be (-242 + -7)/((-3)/3) - 0. Is 5/((-10)/4)*f/(-2) composite?
True
Let l = -172 - -263. Let w = l - 141. Is (-5)/(-2)*(-46660)/w a prime number?
True
Let p be (-1)/4 - 629/(-148). Suppose -2*w = 5*m - 12351, -p*w + 2763 = -3*m + 10184. Is m composite?
True
Suppose 4*x = 2*f - 24, 2*x = -2*f + 7*x + 27. Suppose -4*p = -18 + f. Suppose p*l = -4*g + 5*l + 1990, 0 = -5*g - l + 2498. Is g prime?
True
Let n(o) = o**2 + 27*o - 28. Let m be n(-28). Let w be 5*-3*2/(-15). Is 2038 + 5 + (m - w) prime?
False
Let a be -4 - (2 - 2) - 107691/(-3). Suppose -9*b = 4*b - a. Is b prime?
False
Let i(m) = m**2 + 18*m. Let h = 18 + -34. Let o be i(h). Let n = -26 - o. Is n composite?
True
Let f(l) = -128*l - 20. Let v be f(-17). Suppose 2*k = -b + 3*k + v, b - 3*k - 2154 = 0. Is b composite?
True
Suppose -5*h = -m - 979 + 2976, 0 = 3*h. Suppose -m = -k + 1020. Is k a composite number?
True
Suppose 3*r = 2*f + 43 + 42, -2*r + 2*f = -60. Suppose -5*t = -r, 4*t - 191 = -2*u + u. Suppose 5*a - 94 = u. Is a composite?
False
Is 1/((-11 + 9484/862)/409) a composite number?
True
Let n(f) be the third derivative of 2*f**2 + 0 + 0*f + 17/60*f**5 - 1/8*f**4 - 7/2*f**3. Is n(5) a composite number?
False
Let x(d) = -4 - 5 - 2*d + 0. Let t be x(-6). Suppose 1382 = t*l + 251. Is l composite?
True
Let x(z) = z**3 + 24*z**2 - 27*z - 43. Let f be x(-24). Suppose -609*i + 868 = -f*i. Is i composite?
True
Suppose -10 = 4*i - 3*p, -4*i = p + 6 + 12. Is i/(-42) - 621826/(-714) composite?
True
Let k(b) = b**3 - 28*b**2 - 55*b - 98. Let c be k(30). Suppose 44823 = c*u - 25169. Is u a prime number?
False
Let y(b) = -b**2 - 2*b - 42. Let t be y(0). Let x be (-24)/t*(-7)/(-2). Suppose 75 = h - 4*z, -x*h + 0*h - 3*z = -128. Is h a composite number?
False
Let d = 89609 - 26880. Is d a composite number?
True
Is (-2584)/153 - -17 - 8927756/(-9) composite?
False
Let p(c) = 436*c + 27. Let y(b) = 438*b + 27. Let w(v) = -4*p(v) + 3*y(v). Is w(-4) prime?
True
Let i(c) = -c**3 + 6*c**2 - 3*c - 9. Let j be i(5). Is j*(-7 - -5) + 4 + 2217 a composite number?
True
Suppose -35 = -2*o + 59. Suppose -55 + o = 4*k. Is (-2450)/k + (-5)/((-10)/(-4)) a prime number?
True
Is (-16)/(0 + -2) + 458104 + 7 composite?
False
Suppose 10 = -2*f + 22. Suppose 0 = 5*g + f*z - z - 5250, 3152 = 3*g + 2*z. Suppose -2*s - 4*m = -520, 0 = -0*s - 4*s + 4*m + g. Is s a prime number?
False
Suppose 1320 = 24*q - 16*q. Suppose 5*z + q = -95. Let b = 135 + z. Is b a prime number?
True
Let m be 17 + -5 - 6 - -2. Suppose 0 = -m*o + 50851 + 7157. Is o prime?
False
Suppose -5*i + 35 = 3*m - 17, -2*i = 4*m - 46. Suppose v = -4*a + 6, -3*v + 1 = -a + m. Is a - (-1 - (-2552)/(-4) - 0) prime?
True
Let t(x) = 24*x**2 + 11*x + 76. Let i(r) = -26*r**2 - 13*r - 75. Let o(k) = 3*i(k) + 4*t(k). Is o(8) a composite number?
True
Suppose 2*a = -a - 2*k - 148, 4*k - 40 = a. Is (-72)/a + (-8631)/(-2) a prime number?
False
Suppose -5*h - 245 = m - 3*m, 0 = -3*h - 4*m - 121. Let y = h - -38. Is ((-1)/(-3) - 0) + (-3948)/y a composite number?
False
Let m be 2 - 8 - -3 - -57. Suppose -m*r + 59*r = 20905. Is r prime?
False
Is (-2 - 145/(-65)) + 37874166/429 prime?
False
Let j(v) = 3*v**2 - 5*v + 15. Suppose -5*b + r = 34, -2*r = -0*r - 8. Let n be b/15 - (126/10 + 0). Is j(n) a prime number?
True
Suppose 1167 = 6*j - 11523. Let q = 5689 - j. Is q a prime number?
False
Let g(d) = 1015*d**2 + 41*d - 179. Is g(6) a prime number?
True
Let u(b) = -48*b + 4. Let s be u(0). Suppose 3*y - 5*o - 57703 = -4392, 4*y - s*o - 71092 = 0. Is y a prime number?
False
Suppose 0*p - p = 3*v - 91, 0 = -p + 3*v + 103. Let c = 160 + p. Is c a prime number?
True
Let w(u) = -63634*u + 251. Is w(-2) a prime number?
False
Let o(n) be the third derivative of -n**4/24 - n**3 + 4*n**2. Let s be o(4). Is 1014/4 - s/(-20) composite?
True
Is 11 - 12*9256/(-16) composite?
True
Is (675507/(-95))/(-21)*635 composite?
True
Let l = -16738 + 9859. Let c = l - -14486. Is c prime?
True
Let s be 87/9 + 25/75. Suppose 3*b - s*p + 12*p - 62335 = 0, 83121 = 4*b - 5*p. Is b a composite number?
True
Let k = -11508 + 59597. Is k composite?
True
Let j = 953 - -3030. Is j composite?
True
Let w be (-514)/(-8) - 5/20. Let t = w + 142. Suppose -t = -2*v + 668. Is v composite?
True
Suppose 4*l + 0*l = 3*r - 28, -4*l = -5*r + 36. Suppose 5*b + t - 21 = 0, -t + 20 - 4 = r*b. Suppose -3*o = -o - b*h - 5946, 3*o = 4*h + 8905. Is o composite?
False
Suppose x - 5216 = -1671. Let d = 6368 - x. Is d prime?
False
Let v be (-72)/(-7) + 2 + 96/(-42). Suppose -v*a + 51 + 169 = 0. Suppose 2536 = -14*j + a*j. Is j prime?
True
Suppose -l - 5*d = 2*l + 15, 0 = 4*d + 12. Let v be l/22 + 0 + 4 + -1. Suppose -v*f + 16263 = -3*k + 3897, f = -2*k + 4137. Is f prime?
True
Suppose -4*o = -528*b + 529*b - 1077535, -4*o = 16. Is b a prime number?
False
Let z(v) = -19737*v + 916. Is z(-25) a composite number?
False
Let v(n) = -5*n**3 + 13*n**2 - 31*n + 101. Is v(-18) composite?
False
Let p be 1/(-1)*(-3